{"id":10,"date":"2025-09-23T12:05:22","date_gmt":"2025-09-23T12:05:22","guid":{"rendered":"https:\/\/www.anouk.louisst.o2switch.site\/bijouxluna\/?page_id=10"},"modified":"2025-09-23T12:05:22","modified_gmt":"2025-09-23T12:05:22","slug":"nos-bijoux","status":"publish","type":"page","link":"https:\/\/www.anouk.louisst.o2switch.site\/bijouxluna\/nos-bijoux\/","title":{"rendered":"Nos bijoux"},"content":{"rendered":"\n<div class=\"wp-block-media-text is-stacked-on-mobile\"><figure class=\"wp-block-media-text__media\"><img loading=\"lazy\" decoding=\"async\" width=\"275\" height=\"183\" src=\"http:\/\/www.anouk.louisst.o2switch.site\/bijouxluna\/wp-content\/uploads\/2025\/09\/bracelet-cuir.jpg\" alt=\"\" class=\"wp-image-14 size-full\"\/><\/figure><div class=\"wp-block-media-text__content\">\n<h2 class=\"wp-block-heading\"><strong>Bracelet \u00ab\u00a0Terre &amp; Ciel\u00a0\u00bb<\/strong><\/h2>\n\n\n\n<p class=\"wp-block-paragraph\">Bracelet en cuir v\u00e9g\u00e9tal tress\u00e9, orn\u00e9 d\u2019un m\u00e9daillon en c\u00e9ramique \u00e9maill\u00e9e bleu nuit. <\/p>\n\n\n\n<p class=\"wp-block-paragraph\">\ud83c\udf0c <em>Un hommage aux \u00e9l\u00e9ments, entre force et po\u00e9sie.<\/em><\/p>\n\n\n\n<p class=\"wp-block-paragraph\"><strong>Prix<\/strong> : 35,00 \u20ac <\/p>\n\n\n\n<p class=\"wp-block-paragraph\"><strong>Mat\u00e9riaux<\/strong> : cuir v\u00e9g\u00e9tal, c\u00e9ramique <\/p>\n\n\n\n<p class=\"wp-block-paragraph\"><strong>Fabrication<\/strong> : pi\u00e8ce unique<\/p>\n<\/div><\/div>\n\n\n\n<div style=\"height:100px\" aria-hidden=\"true\" class=\"wp-block-spacer\"><\/div>\n\n\n\n<div class=\"wp-block-media-text is-stacked-on-mobile\"><figure class=\"wp-block-media-text__media\"><img loading=\"lazy\" decoding=\"async\" width=\"1024\" height=\"683\" src=\"http:\/\/www.anouk.louisst.o2switch.site\/bijouxluna\/wp-content\/uploads\/2025\/09\/Boucles-doreille-1024x683.webp\" alt=\"\" class=\"wp-image-13 size-full\" srcset=\"https:\/\/www.anouk.louisst.o2switch.site\/bijouxluna\/wp-content\/uploads\/2025\/09\/Boucles-doreille-1024x683.webp 1024w, https:\/\/www.anouk.louisst.o2switch.site\/bijouxluna\/wp-content\/uploads\/2025\/09\/Boucles-doreille-300x200.webp 300w, https:\/\/www.anouk.louisst.o2switch.site\/bijouxluna\/wp-content\/uploads\/2025\/09\/Boucles-doreille-768x512.webp 768w, https:\/\/www.anouk.louisst.o2switch.site\/bijouxluna\/wp-content\/uploads\/2025\/09\/Boucles-doreille-1536x1024.webp 1536w, https:\/\/www.anouk.louisst.o2switch.site\/bijouxluna\/wp-content\/uploads\/2025\/09\/Boucles-doreille-2048x1366.webp 2048w\" sizes=\"auto, (max-width: 1024px) 100vw, 1024px\" \/><\/figure><div class=\"wp-block-media-text__content\">\n<h2 class=\"wp-block-heading\"><strong>Boucles d\u2019oreilles \u00ab\u00a0\u00c9clat Boh\u00e8me\u00a0\u00bb<\/strong><\/h2>\n\n\n\n<p class=\"wp-block-paragraph\">Cr\u00e9ation en laiton martel\u00e9 et perles de verre recycl\u00e9, inspir\u00e9e des motifs berb\u00e8res. \ud83c\udf3f <em>Un bijou \u00e9thique et solaire, parfait pour les esprits libres.<\/em><\/p>\n\n\n\n<p class=\"wp-block-paragraph\"><strong>Prix<\/strong> : 29,00 \u20ac <\/p>\n\n\n\n<p class=\"wp-block-paragraph\"><strong>Mat\u00e9riaux<\/strong> : laiton, verre recycl\u00e9 <\/p>\n\n\n\n<p class=\"wp-block-paragraph\"><strong>Fabrication<\/strong> : artisanat local<\/p>\n<\/div><\/div>\n\n\n\n<div style=\"height:100px\" aria-hidden=\"true\" class=\"wp-block-spacer\"><\/div>\n\n\n\n<div class=\"wp-block-media-text is-stacked-on-mobile\"><figure class=\"wp-block-media-text__media\"><img loading=\"lazy\" decoding=\"async\" width=\"224\" height=\"224\" src=\"http:\/\/www.anouk.louisst.o2switch.site\/bijouxluna\/wp-content\/uploads\/2025\/09\/ier-agathe.jpg\" alt=\"\" class=\"wp-image-19 size-full\" srcset=\"https:\/\/www.anouk.louisst.o2switch.site\/bijouxluna\/wp-content\/uploads\/2025\/09\/ier-agathe.jpg 224w, https:\/\/www.anouk.louisst.o2switch.site\/bijouxluna\/wp-content\/uploads\/2025\/09\/ier-agathe-150x150.jpg 150w\" sizes=\"auto, (max-width: 224px) 100vw, 224px\" \/><\/figure><div class=\"wp-block-media-text__content\">\n<h2 class=\"wp-block-heading\"><strong>Collier \u00ab\u00a0Luna Dor\u00e9e\u00a0\u00bb<\/strong><\/h2>\n\n\n\n<p class=\"wp-block-paragraph\">Un collier artisanal dor\u00e9 avec une pierre semi-pr\u00e9cieuse (agate ou quartz rose), mont\u00e9 sur une cha\u00eene fine en acier inoxydable dor\u00e9.<\/p>\n\n\n\n<p class=\"wp-block-paragraph\"> \u2728 <em>\u00c9l\u00e9gance discr\u00e8te et \u00e9nergie douce pour les esprits r\u00eaveurs.<\/em><\/p>\n\n\n\n<p class=\"wp-block-paragraph\"><strong>Prix<\/strong> : 39,00 \u20ac <\/p>\n\n\n\n<p class=\"wp-block-paragraph\"><strong>Mat\u00e9riaux<\/strong> : acier inoxydable dor\u00e9, pierre naturelle<\/p>\n\n\n\n<p class=\"wp-block-paragraph\"> <strong>Fabrication<\/strong> : fait main \u00e0 Lyon<\/p>\n<\/div><\/div>\n\n\n\n<div style=\"height:100px\" aria-hidden=\"true\" class=\"wp-block-spacer\"><\/div>\n\n\n\n<p class=\"wp-block-paragraph\"><\/p>\n","protected":false},"excerpt":{"rendered":"<p>Bracelet \u00ab\u00a0Terre &amp; Ciel\u00a0\u00bb Bracelet en cuir v\u00e9g\u00e9tal tress\u00e9, orn\u00e9 d\u2019un m\u00e9daillon en c\u00e9ramique \u00e9maill\u00e9e bleu nuit. \ud83c\udf0c Un hommage [&hellip;]<\/p>\n","protected":false},"author":1,"featured_media":0,"parent":0,"menu_order":0,"comment_status":"closed","ping_status":"closed","template":"","meta":{"_uag_custom_page_level_css":"","site-sidebar-layout":"default","site-content-layout":"","ast-site-content-layout":"default","site-content-style":"default","site-sidebar-style":"default","ast-global-header-display":"","ast-banner-title-visibility":"","ast-main-header-display":"","ast-hfb-above-header-display":"","ast-hfb-below-header-display":"","ast-hfb-mobile-header-display":"","site-post-title":"","ast-breadcrumbs-content":"","ast-featured-img":"","footer-sml-layout":"","theme-transparent-header-meta":"","adv-header-id-meta":"","stick-header-meta":"","header-above-stick-meta":"","header-main-stick-meta":"","header-below-stick-meta":"","astra-migrate-meta-layouts":"default","ast-page-background-enabled":"default","ast-page-background-meta":{"desktop":{"background-color":"var(--ast-global-color-5)","background-image":"","background-repeat":"repeat","background-position":"center center","background-size":"auto","background-attachment":"scroll","background-type":"","background-media":"","overlay-type":"","overlay-color":"","overlay-opacity":"","overlay-gradient":""},"tablet":{"background-color":"","background-image":"","background-repeat":"repeat","background-position":"center center","background-size":"auto","background-attachment":"scroll","background-type":"","background-media":"","overlay-type":"","overlay-color":"","overlay-opacity":"","overlay-gradient":""},"mobile":{"background-color":"","background-image":"","background-repeat":"repeat","background-position":"center center","background-size":"auto","background-attachment":"scroll","background-type":"","background-media":"","overlay-type":"","overlay-color":"","overlay-opacity":"","overlay-gradient":""}},"ast-content-background-meta":{"desktop":{"background-color":"var(--ast-global-color-4)","background-image":"","background-repeat":"repeat","background-position":"center center","background-size":"auto","background-attachment":"scroll","background-type":"","background-media":"","overlay-type":"","overlay-color":"","overlay-opacity":"","overlay-gradient":""},"tablet":{"background-color":"var(--ast-global-color-4)","background-image":"","background-repeat":"repeat","background-position":"center center","background-size":"auto","background-attachment":"scroll","background-type":"","background-media":"","overlay-type":"","overlay-color":"","overlay-opacity":"","overlay-gradient":""},"mobile":{"background-color":"var(--ast-global-color-4)","background-image":"","background-repeat":"repeat","background-position":"center center","background-size":"auto","background-attachment":"scroll","background-type":"","background-media":"","overlay-type":"","overlay-color":"","overlay-opacity":"","overlay-gradient":""}},"footnotes":""},"class_list":["post-10","page","type-page","status-publish","hentry"],"uagb_featured_image_src":{"full":false,"thumbnail":false,"medium":false,"medium_large":false,"large":false,"1536x1536":false,"2048x2048":false},"uagb_author_info":{"display_name":"adoligez","author_link":"https:\/\/www.anouk.louisst.o2switch.site\/bijouxluna\/author\/adoligez\/"},"uagb_comment_info":0,"uagb_excerpt":"Bracelet \u00ab\u00a0Terre &amp; Ciel\u00a0\u00bb Bracelet en cuir v\u00e9g\u00e9tal tress\u00e9, orn\u00e9 d\u2019un m\u00e9daillon en c\u00e9ramique \u00e9maill\u00e9e bleu nuit. \ud83c\udf0c Un hommage [&hellip;]","_links":{"self":[{"href":"https:\/\/www.anouk.louisst.o2switch.site\/bijouxluna\/wp-json\/wp\/v2\/pages\/10","targetHints":{"allow":["GET"]}}],"collection":[{"href":"https:\/\/www.anouk.louisst.o2switch.site\/bijouxluna\/wp-json\/wp\/v2\/pages"}],"about":[{"href":"https:\/\/www.anouk.louisst.o2switch.site\/bijouxluna\/wp-json\/wp\/v2\/types\/page"}],"author":[{"embeddable":true,"href":"https:\/\/www.anouk.louisst.o2switch.site\/bijouxluna\/wp-json\/wp\/v2\/users\/1"}],"replies":[{"embeddable":true,"href":"https:\/\/www.anouk.louisst.o2switch.site\/bijouxluna\/wp-json\/wp\/v2\/comments?post=10"}],"version-history":[{"count":1,"href":"https:\/\/www.anouk.louisst.o2switch.site\/bijouxluna\/wp-json\/wp\/v2\/pages\/10\/revisions"}],"predecessor-version":[{"id":20,"href":"https:\/\/www.anouk.louisst.o2switch.site\/bijouxluna\/wp-json\/wp\/v2\/pages\/10\/revisions\/20"}],"wp:attachment":[{"href":"https:\/\/www.anouk.louisst.o2switch.site\/bijouxluna\/wp-json\/wp\/v2\/media?parent=10"}],"curies":[{"name":"wp","href":"https:\/\/api.w.org\/{rel}","templated":true}]}}

<div class="wp-block-media-text is-stacked-on-mobile"><figure class="wp-block-media-text__media"><img loading="lazy" decoding="async" width="275" height="183" src="http://www.anouk.louisst.o2switch.site/bijouxluna/wp-content/uploads/2025/09/bracelet-cuir.jpg" alt="" class="wp-image-14 size-full"/></figure><div class="wp-block-media-text__content">
<h2 class="wp-block-heading"><strong>Bracelet « Terre &amp; Ciel »</strong></h2>



<p class="wp-block-paragraph">Bracelet en cuir végétal tressé, orné d’un médaillon en céramique émaillée bleu nuit. </p>



<p class="wp-block-paragraph">🌌 <em>Un hommage aux éléments, entre force et poésie.</em></p>



<p class="wp-block-paragraph"><strong>Prix</strong> : 35,00 € </p>



<p class="wp-block-paragraph"><strong>Matériaux</strong> : cuir végétal, céramique </p>



<p class="wp-block-paragraph"><strong>Fabrication</strong> : pièce unique</p>
</div></div>



<div style="height:100px" aria-hidden="true" class="wp-block-spacer"></div>



<div class="wp-block-media-text is-stacked-on-mobile"><figure class="wp-block-media-text__media"><img loading="lazy" decoding="async" width="1024" height="683" src="http://www.anouk.louisst.o2switch.site/bijouxluna/wp-content/uploads/2025/09/Boucles-doreille-1024x683.webp" alt="" class="wp-image-13 size-full" srcset="https://www.anouk.louisst.o2switch.site/bijouxluna/wp-content/uploads/2025/09/Boucles-doreille-1024x683.webp 1024w, https://www.anouk.louisst.o2switch.site/bijouxluna/wp-content/uploads/2025/09/Boucles-doreille-300x200.webp 300w, https://www.anouk.louisst.o2switch.site/bijouxluna/wp-content/uploads/2025/09/Boucles-doreille-768x512.webp 768w, https://www.anouk.louisst.o2switch.site/bijouxluna/wp-content/uploads/2025/09/Boucles-doreille-1536x1024.webp 1536w, https://www.anouk.louisst.o2switch.site/bijouxluna/wp-content/uploads/2025/09/Boucles-doreille-2048x1366.webp 2048w" sizes="auto, (max-width: 1024px) 100vw, 1024px" /></figure><div class="wp-block-media-text__content">
<h2 class="wp-block-heading"><strong>Boucles d’oreilles « Éclat Bohème »</strong></h2>



<p class="wp-block-paragraph">Création en laiton martelé et perles de verre recyclé, inspirée des motifs berbères. 🌿 <em>Un bijou éthique et solaire, parfait pour les esprits libres.</em></p>



<p class="wp-block-paragraph"><strong>Prix</strong> : 29,00 € </p>



<p class="wp-block-paragraph"><strong>Matériaux</strong> : laiton, verre recyclé </p>



<p class="wp-block-paragraph"><strong>Fabrication</strong> : artisanat local</p>
</div></div>



<div style="height:100px" aria-hidden="true" class="wp-block-spacer"></div>



<div class="wp-block-media-text is-stacked-on-mobile"><figure class="wp-block-media-text__media"><img loading="lazy" decoding="async" width="224" height="224" src="http://www.anouk.louisst.o2switch.site/bijouxluna/wp-content/uploads/2025/09/ier-agathe.jpg" alt="" class="wp-image-19 size-full" srcset="https://www.anouk.louisst.o2switch.site/bijouxluna/wp-content/uploads/2025/09/ier-agathe.jpg 224w, https://www.anouk.louisst.o2switch.site/bijouxluna/wp-content/uploads/2025/09/ier-agathe-150x150.jpg 150w" sizes="auto, (max-width: 224px) 100vw, 224px" /></figure><div class="wp-block-media-text__content">
<h2 class="wp-block-heading"><strong>Collier « Luna Dorée »</strong></h2>



<p class="wp-block-paragraph">Un collier artisanal doré avec une pierre semi-précieuse (agate ou quartz rose), monté sur une chaîne fine en acier inoxydable doré.</p>



<p class="wp-block-paragraph"> ✨ <em>Élégance discrète et énergie douce pour les esprits rêveurs.</em></p>



<p class="wp-block-paragraph"><strong>Prix</strong> : 39,00 € </p>



<p class="wp-block-paragraph"><strong>Matériaux</strong> : acier inoxydable doré, pierre naturelle</p>



<p class="wp-block-paragraph"> <strong>Fabrication</strong> : fait main à Lyon</p>
</div></div>



<div style="height:100px" aria-hidden="true" class="wp-block-spacer"></div>



<p class="wp-block-paragraph"></p>

<p>Bracelet « Terre &amp; Ciel » Bracelet en cuir végétal tressé, orné d’un médaillon en céramique émaillée bleu nuit. 🌌 Un hommage [&hellip;]</p>

Bracelet « Terre &amp; Ciel » Bracelet en cuir végétal tressé, orné d’un médaillon en céramique émaillée bleu nuit. 🌌 Un hommage [&hellip;]
